e highest common divisor of 14230 and 30.
10
What is the highest common factor of 120 and 319720?
40
What is the highest common divisor of 56466 and 3888?
18
What is the highest common factor of 12342 and 165682?
374
Calculate the highest common factor of 253360 and 240.
80
What is the greatest common factor of 60 and 273?
3
Calculate the greatest common divisor of 9 and 27201.
3
What is the highest common factor of 32320 and 8000?
320
Calculate the greatest common divisor of 172861 and 78.
13
Calculate the highest common factor of 734910 and 204.
102
What is the highest common divisor of 726 and 83006?
242
What is the greatest common divisor of 34348 and 5332?
124
What is the greatest common factor of 9 and 24348?
3
What is the greatest common factor of 15808 and 65702?
494
What is the greatest common divisor of 245 and 59927?
49
What is the greatest common factor of 285 and 23617?
19
What is the greatest common divisor of 175032 and 1404?
468
Calculate the greatest common divisor of 6062 and 1176.
14
Calculate the greatest common divisor of 92321 and 427253.
2147
Calculate the greatest common divisor of 2632 and 168.
56
What is the greatest common factor of 15 and 840?
15
Calculate the greatest common factor of 7137 and 34038.
549
Calculate the highest common factor of 648 and 12168.
72
What is the greatest common factor of 136619 and 21?
7
Calculate the greatest common factor of 1653888 and 120.
24
What is the greatest common factor of 876550 and 470?
470
What is the highest common divisor of 393 and 42?
3
Calculate the greatest common factor of 8684 and 23608.
52
What is the greatest common factor of 7826 and 30186?
1118
Calculate the greatest common factor of 21635 and 5.
5
Calculate the greatest common divisor of 5256 and 66048.
24
Calculate the highest common factor of 44380 and 16940.
140
Calculate the greatest common factor of 3806 and 1211.
173
Calculate the greatest common divisor of 515 and 143067.
103
Calculate the highest common divisor of 10 and 10628540.
10
Calculate the highest common divisor of 681584 and 48.
16
Calculate the highest common divisor of 21 and 95271.
3
What is the highest common factor of 26786 and 35990?
118
What is the greatest common factor of 25426725 and 15?
15
Calculate the greatest common divisor of 119909 and 893.
19
What is the greatest common divisor of 29309 and 212?
53
Calculate the greatest common divisor of 38634 and 93342.
282
Calculate the highest common factor of 948 and 60684.
12
Calculate the highest common factor of 89858 and 1506.
502
What is the highest common divisor of 142091 and 1208?
151
What is the highest common divisor of 166 and 6888917?
83
What is the greatest common divisor of 88732 and 148?
4
Calculate the greatest common factor of 42 and 2940.
42
What is the highest common divisor of 637132 and 188?
188
What is the highest common factor of 2367174 and 12?
6
Calculate the highest common divisor of 10328 and 3928.
8
What is the greatest common factor of 207832 and 28796?
1252
Calculate the greatest common divisor of 7486 and 39203.
197
Calculate the highest common factor of 440 and 418.
22
What is the highest common divisor of 28342 and 1406?
74
What is the highest common factor of 11139 and 1269?
141
What is the highest common factor of 8 and 1563000?
8
Calculate the highest common factor of 9621 and 252.
9
Calculate the highest common divisor of 549891 and 45.
9
Calculate the greatest common divisor of 144150 and 4050.
150
Calculate the greatest common factor of 147102 and 6.
6
Calculate the greatest common divisor of 175339 and 737.
67
Calculate the highest common factor of 293277 and 29.
29
What is the highest common divisor of 14322 and 18942?
462
Calculate the highest common divisor of 7296 and 175488.
384
What is the highest common factor of 16672 and 15109?
521
What is the greatest common divisor of 280 and 606760?
280
What is the greatest common factor of 722 and 204326?
722
What is the highest common divisor of 6967623 and 39?
39
What is the highest common factor of 152 and 12844?
76
Calculate the greatest common factor of 330 and 681810.
30
Calculate the highest common factor of 25 and 1241550.
25
Calculate the highest common factor of 513 and 212743.
19
Calculate the greatest common divisor of 10 and 2455.
5
Calculate the greatest common factor of 615 and 2355.
15
Calculate the greatest common factor of 300 and 6100.
100
Calculate the greatest common factor of 5856 and 7503.
183
Calculate the greatest common factor of 18112 and 6509.
283
What is the highest common factor of 3 and 277665?
3
What is the greatest common factor of 19608 and 51600?
1032
Calculate the highest common divisor of 814404 and 96.
12
Calculate the highest common factor of 627 and 171.
57
What is the greatest common factor of 253 and 189313?
23
Calculate the greatest common divisor of 513811 and 113.
113
What is the highest common factor of 2 and 6844?
2
What is the greatest common divisor of 68340 and 85?
85
What is the highest common divisor of 422467 and 102?
17
What is the highest common factor of 13304 and 38?
2
What is the highest common divisor of 33655 and 20320?
635
Calculate the greatest common divisor of 4914 and 176202.
702
What is the greatest common factor of 21984 and 240?
48
Calculate the highest common factor of 196 and 53564.
28
What is the greatest common divisor of 3213 and 12726?
63
What is the highest common divisor of 45 and 253790?
5
Calculate the greatest common divisor of 270189 and 81.
27
Calculate the highest common divisor of 444662 and 2899.
223
What is the highest common divisor of 15 and 10865?
5
What is the greatest common factor of 99221 and 313?
313
Calculate the greatest common divisor of 137946 and 1939.
277
What is the greatest common factor of 60 and 860850?
30
Calculate the greatest common divisor of 183855 and 84.
21
Calculate the greatest common factor of 207 and 3120.
3
What is the greatest common divisor of 161806 and 17?
17
Calculate the greatest common factor of 441 and 175077.
441
Calculate the greatest common divisor of 1022 and 686.
14
Calculate the greatest common factor of 81 and 34332.
3
Calculate the highest common divisor of 5345 and 95141.
1069
Calculate the highest common factor of 116664 and 24.
24
What is the greatest common divisor of 26 and 2959892?
26
Calculate the highest common factor of 655 and 298811.
131
Calculate the greatest common divisor of 258 and 402351.
129
What is the greatest common factor of 101097 and 8037?
423
What is the greatest common divisor of 95 and 322468?
19
Calculate the greatest common divisor of 8253 and 209993.
917
What is the greatest common factor of 260 and 45370?
130
Calculate the highest common divisor of 26199 and 13653.
369
What is the highest common factor of 173 and 927972?
173
Calculate the highest common factor of 1415 and 549586.
283
What is the greatest common factor of 44132 and 748?
748
What is the greatest common divisor of 62 and 379006?
62
What is the greatest common factor of 151513 and 103?
103
Calculate the highest common factor of 2 and 24953.
1
What is the highest common divisor of 49419 and 108?
9
What is the greatest common divisor of 36 and 36378?
18
Calculate the greatest common divisor of 8 and 179470.
2
Calculate the greatest common divisor of 2 and 381755.
1
What is the highest common divisor of 58 and 222546?
58
Calculate the greatest common factor of 91822 and 310.
62
Calculate the highest common divisor of 5380 and 1370.
10
What is the greatest common divisor of 2046 and 139634?
22
What is the highest common factor of 4 and 1265204?
4
What is the greatest common divisor of 51 and 38726?
17
Calculate the highest common divisor of 5251 and 89.
89
Calculate the greatest common factor of 293118 and 8526.
294
What is the highest common divisor of 11147 and 3763?
71
What is the highest common factor of 67091 and 2967?
23
Calculate the highest common divisor of 251723 and 1055.
211
What is the highest common divisor of 15979 and 19?
19
Calculate the highest common divisor of 36031 and 1052.
263
Calculate the greatest common divisor of 9690 and 795.
15
What is the greatest common factor of 6740 and 860?
20
What is the highest common divisor of 143 and 29326?
11
Calculate the high